ulate the remainder when 15 is divided by o.
3
Suppose -15 = -4*y - y. What is the remainder when (3/((-18)/(-21)))/(1/2) is divided by y?
1
Let l = 25 - 3. Calculate the remainder when 42 is divided by l.
20
Suppose 5*h = 4*h - 445. Let x = -312 - h. Let u = -84 + x. What is the remainder when u is divided by 17?
15
Suppose 0 = 4*m + 2*f - 4, 5 - 3 = -4*m - 5*f. Suppose 0 = -2*k + m*z - 97 - 9, 5*z = -10. Calculate the remainder when 51 is divided by (-6)/8 + k/(-4).
12
Let p(i) = -6*i + 8. Let b be p(-7). Calculate the remainder when b/4*4/2 is divided by 13.
12
Let y = -2 + 16. What is the remainder when y is divided by 5?
4
Let i(v) = 28*v**2 - 4*v + 2. Let u(t) = 28*t**2 - 3*t + 1. Let b(r) = -2*i(r) + 3*u(r). Calculate the remainder when b(-1) is divided by 15.
13
Suppose 0 = 4*z - 44 - 56. Suppose -x + 0*x + 10 = -2*l, 5*l + z = -2*x. Suppose -21 = -4*t + t - 4*b, b + 3 = x. What is the remainder when 20 is divided by t?
9
Let k = -57 + 102. Let h = 67 - k. Calculate the remainder when h is divided by 8.
6
Let k(w) = w**3 + 2*w**2 + w + 51. Calculate the remainder when k(0) is divided by 13.
12
Suppose -9 = -3*p + 5*l, l - 2*l - 9 = -3*p. Suppose 0 = -p*m + m + 14. What is the remainder when 13 is divided by m?
6
Let z(i) = 18*i - 1. Let a(c) = c**3 - c - 3. Let k be a(3). Let v = -15 + k. What is the remainder when z(1) is divided by v?
5
What is the remainder when 50 + 3 + (-12)/(-3) is divided by 15?
12
Suppose -5*i - 2*f + 66 = 0, -i + 0*f = -5*f + 3. Suppose -5*m - 5*t = -10, 3*m - t + 17 = -m. What is the remainder when 34 + 2 + m + 1 is divided by i?
10
Let t be (7/(-3))/((-3)/18). Let c = 4 + 2. Calculate the remainder when c is divided by (-8)/7*t/(-4).
2
Suppose 19 = 4*n - 9. What is the remainder when n is divided by 2?
1
Let v(i) = i**3 + 4*i**2 - 3*i - 7. What is the remainder when 27 is divided by v(-3)?
5
Suppose 0 = -5*n + 22 + 378. Calculate the remainder when n is divided by 27.
26
Let g(l) = -12*l - 4. What is the remainder when 77 is divided by g(-2)?
17
What is the remainder when 40 is divided by (2 - -1 - 24)*-1?
19
What is the remainder when 96 is divided by 2/4*8 - -29?
30
Calculate the remainder when 114 is divided by ((-1)/(-2))/((-1)/(-58)).
27
Let a(j) = -j**3 - 2*j**2 + 2*j**3 - 2*j + 0*j. Calculate the remainder when 9 is divided by a(3).
0
Let d be (-6)/42 + (-2816)/(-14). Suppose x = 3*p - 2*x - d, -2*p + 5*x + 122 = 0. What is the remainder when p is divided by 12?
11
Let d(g) be the first derivative of g**4/4 + 7*g**3/3 + 4*g**2 + 3*g + 2. Calculate the remainder when d(-5) is divided by 5.
3
Let j(u) be the second derivative of u**4/3 - u**3/3 - u**2/2 + u. Suppose -2*l - 21 = -17. What is the remainder when j(l) is divided by 11?
8
What is the remainder when 18 is divided by (-1)/((15/(-18))/5)?
0
Suppose 93 = 4*h + 13. What is the remainder when 157 is divided by h?
17
What is the remainder when 41/4*(5 - 1) is divided by 22?
19
Calculate the remainder when (10/(-15))/((-1)/102) is divided by 15.
8
Suppose w + 3*w - 56 = 0. Suppose -2*o + 3*c = o - 96, 0 = 4*o + c - 103. What is the remainder when o is divided by w?
13
Suppose 0 = u + 3*c - 13, -13 = 3*u + 2*c - 87. Suppose 3*d - 7 = -q, 2*q - 2*d + u = 6*q. Calculate the remainder when 11 is divided by q.
4
Let x(d) = -d**2 - 3*d + 33. What is the remainder when x(0) is divided by 12?
9
Suppose 0*h - 4*n = 3*h - 51, 4*h - 4*n = 40. Let c = 8 - 11. What is the remainder when (-5 + 2)*25/c is divided by h?
12
Calculate the remainder when (15/30)/((-2)/(-20)) is divided by 2*(-2 + 7/2).
2
Let i(u) = -4*u + 7. Let b be i(-6). Let h = b - 18. Let n(q) = 5*q**2 - q + 1. Calculate the remainder when n(-2) is divided by h.
10
Suppose 24 = 4*r - 4*p, p + 0*p - 18 = -5*r. Let o = -19 - -30. Calculate the remainder when o is divided by r.
3
Let p = 11 + -7. Suppose -3*w - k + 58 = -3*k, -p*w - 5*k = -108. Calculate the remainder when w is divided by 8.
6
Suppose -3*z + 105 = -5*x - 8*z, 0 = -2*x - 5*z - 30. Let p = -16 - x. Suppose -3*v = -p - 24. Calculate the remainder when 21 is divided by v.
10
Let c(o) = -2*o**3 - 19*o**2 + 7*o - 5. What is the remainder when 73 is divided by c(-10)?
23
Let i(x) = -x**2 - 4*x + 3. Let g be i(-4). Suppose 0 = g*c + 2*c - 170. Suppose 5*u - c = 4*u. What is the remainder when u is divided by 12?
10
Suppose -3*o = d - 37, 78 = -0*d + 3*d - 2*o. What is the remainder when d is divided by 19?
9
Suppose w = 2*i - 3*i + 2, 34 = 2*w - 4*i. Suppose 3*f + w = k - 2*k, 5*f = -5. What is the remainder when 25 is divided by 54/4 + 2/k?
12
Let x(l) = l**2 + l - 2. What is the remainder when 28 is divided by x(3)?
8
Let t(j) = 2*j - 6. Let l(h) = 2*h**2 + 4*h - 3. Calculate the remainder when l(-5) is divided by t(8).
7
Let s = 6 - 4. What is the remainder when (37/s)/(3/18) is divided by 28?
27
Suppose -4*r + 24 = -b, -r - b = -3*b + 1. Calculate the remainder when 13 is divided by r.
6
Suppose -4*t + 42 = -t. Let h(r) = r**3 - r**2 + r - 1. Let k be h(3). What is the remainder when t is divided by ((-48)/k)/(3/(-10))?
6
Suppose -6 = -3*m, -2*x + 3*m - 10 = -4*x. Suppose 0 = -4*z - x + 22. What is the remainder when z is divided by 2?
1
Suppose -3*u = -5*u + 110. Calculate the remainder when u is divided by 14.
13
Let l = -105 - -164. Suppose -3*s = -5*p + 99 - 11, 5*p - 4*s - 84 = 0. What is the remainder when l is divided by p?
19
Let u(f) = -f**3 - 7*f**2 + 7*f + 9. Calculate the remainder when u(-8) is divided by 6.
5
Let c = 17 + -11. Let j = c + -8. What is the remainder when (-6)/(-2) - 15*j is divided by 9?
6
Suppose 3*d = d + 28. Calculate the remainder when 16 is divided by ((-7)/d)/((-2)/24).
4
Let r = -2 + 5. Suppose -r*s + 20 = -7*s. Let z = 32 - s. What is the remainder when z is divided by 19?
18
Let i(d) be the third derivative of d**4/4 - d**3/6 - 7*d**2. What is the remainder when i(3) is divided by 9?
8
Suppose 3*i - 3*w - 153 = w, 5*i - 281 = -2*w. Suppose 2*b - 15 = 23. What is the remainder when i is divided by b?
17
Let o = -12 + 35. Calculate the remainder when 90 is divided by o.
21
Suppose 2*y = -5*x - 2*y - 4, -5*x = -3*y + 32. Let a = x - -9. What is the remainder when a is divided by 2?
1
Let t(p) = p**3 - 2*p**2 - 3*p + 10. Calculate the remainder when t(6) is divided by 46.
44
Let f be (0/(-1))/(6/(-2)). Suppose f = -2*b + 93 + 17. Calculate the remainder when b is divided by 19.
17
Let p be (-840)/12*4/(-5). What is the remainder when 8 is divided by 42/p*1*4?
2
Let t(q) = -q**3 - 3*q**2 - q - 3. Suppose 3*p = b + 5, 2*b + 3 = 3*p - 4. Let y be (-6)/(p/2*3). Calculate the remainder when t(y) is divided by 6.
5
Suppose 0 = -3*u - 8 - 10. Let q(d) = 2*d + 6. Let f be q(u). Calculate the remainder when 25 is divided by (-56)/(-6) + f/18.
7
Let x = 20 + -9. Calculate the remainder when 76 is divided by x.
10
Let o be (-19 - (-2 + 2)) + 1. Let d(z) = 4*z - 12. Calculate the remainder when d(7) is divided by (o/(-8))/((-12)/(-32)).
4
Let x(n) = -n - 5. Let a be x(-10). Suppose -4*p + a*p + 27 = 0. Let d = 48 + p. Calculate the remainder when 40 is divided by d.
19
Let x = 24 + -4. What is the remainder when 35 is divided by x?
15
Suppose t - 2*x = 4*t - 27, -t = x - 10. Calculate the remainder when t is divided by 3.
1
Suppose -3*n = -7 - 8. Suppose 12 = 5*z - 2*z. Suppose 3*u = -0*c + 2*c + 5, z*c - u = 5. What is the remainder when n is divided by c?
1
Suppose o - 5*w = 19, -4*o + 80 = 4*w - 20. Suppose -3*c = -5*u + o, -c = -u + 2*c + 12. Calculate the remainder when 8 is divided by u.
2
Suppose -5*f - 4 = 11. Suppose -2*l = 3*l + 30. Let v = f - l. Calculate the remainder when v is divided by 2.
1
Suppose 5*l - 77 = 83. What is the remainder when 61 is divided by l?
29
Suppose -2*q + q = -7. Let l = q + 0. What is the remainder when 18 is divided by l?
4
Let t(g) = 4*g. Calculate the remainder when t(8) is divided by 11.
10
Let v be ((-8)/10)/(10/(-75)). Suppose -4*g + v = -6. Calculate the remainder when 8 is divided by g.
2
Let w(q) = 2*q**3 + 2. Let s(g) = g**3 + 3*g**2 - g + 4. What is the remainder when w(2) is divided by s(-3)?
4
Let r = 18 - -24. What is the remainder when r is divided by 5?
2
Let s(g) = -2*g**3 - 2*g**2 + 3*g - 2. Let t be s(1). Let r(b) = -6*b + 1. What is the remainder when 